he prime factors of 2 - ((-6)/(-4))/(42/(-89880))?
2, 11, 73
Let h(p) = -2*p + 1. Let m be h(5). Let t(s) be the first derivative of -s**3/3 - 9*s**2/2 + 3*s - 4. What are the prime factors of t(m)?
3
Let a = 22 - 53. Let t = -21 - a. What are the prime factors of t?
2, 5
Let b(k) = k + 1. Let h be b(-4). Let v(t) = -38*t - 15. List the prime factors of v(h).
3, 11
Let n be 8/(-10) + (-52)/10. Let v(z) = -z**2 - z + 11. Let b be v(n). Let d(h) = -h**2 - 21*h + 4. What are the prime factors of d(b)?
2, 3, 7
Let c(q) = -q**2 - 16*q - 8. Suppose 0 = 3*u - 3*i - 11 + 68, 0 = -5*i + 25. List the prime factors of c(u).
2, 5
Let n = 734 - 415. What are the prime factors of n?
11, 29
Let x(d) = -3*d + 0*d + 0*d + 2*d. Let h be x(-6). List the prime factors of 4*7 + (h - 5).
29
Let x be (0 + 3)*5/3. Let o be (0 + -4)*1711/(-116). Suppose 0 = a + 2 - x, m = a + o. List the prime factors of m.
2, 31
Suppose 8*c = -u + 3*c + 22, 3*u + 2*c - 79 = 0. Let f = 90 + -72. Suppose -v = -t + 4*v + f, -4*v = -5*t + u. List the prime factors of t.
3
Let k(q) = q**2 - 8*q + 3. Let y be k(8). Let s be 106 + y/(-6)*-6. What are the prime factors of s/4 - (-4)/(-16)?
3
Suppose 646 = 3*x - 2*g, -g - 833 = -4*x + 30. Let u = x + -43. List the prime factors of u.
173
Let q(m) = m**2 - 2. Let g be q(5). Let a be (12/(-18))/(8/48). Let z = g - a. List the prime factors of z.
3
Let w be ((-1)/(-3))/(5/(-6) - -1). Suppose w*y + 4*y - 1020 = 0. What are the prime factors of y?
2, 5, 17
Suppose 5*i - 4*h = 228, -4*h + 59 = i + 23. Let v = i - 37. List the prime factors of v.
7
Let v(m) = m**3 + 37*m**2 + 24*m - 39. What are the prime factors of v(-36)?
3, 131
Let z(h) = 6*h**2 + 5 + 6*h + 3*h**2 - 7 - h**2. Let f be z(4). Suppose 2*j - j - 2*t = 39, -f = -4*j + 5*t. List the prime factors of j.
5, 7
Let z(v) = -v**2 - 9*v + 13. Let i be z(-10). Let x = i + -8. List the prime factors of 2/6*x*-15.
5
Let l(r) = 18*r - 5. Suppose -8 + 2 = -2*y. Let m be (-1)/y*-9 + -1. List the prime factors of l(m).
31
Let d(j) = j**2 + 7*j + 6. Let z be d(-4). Let r be 9/(-12)*1*-24. Let w = z + r. What are the prime factors of w?
2, 3
Suppose -2*s + 202 = 4*x, 3*s = 4*x + x + 270. Let o = s + -37. What are the prime factors of o?
2, 29
Let o(r) = -3*r. Let b(f) = -4*f. Let p(a) = 4*b(a) - 5*o(a). Let j be p(-2). Let g = j + 1. List the prime factors of g.
3
Let q = 0 - -3. Suppose 0*v = -v - q*n + 30, 0 = -4*v - 4*n + 112. Suppose -119 = -4*w - v. What are the prime factors of w?
23
Let g(w) be the first derivative of 9*w**2 + 2*w + 30. Suppose 6*i = 2*i + 4. What are the prime factors of g(i)?
2, 5
Suppose 0 = -j - v + 421 + 37, 4*v = j - 478. List the prime factors of j.
2, 3, 7, 11
Let o be 2742*(-4 - (-10)/2). What are the prime factors of o/14 + (-6)/(-42)?
2, 7
What are the prime factors of 7/(7/(-11)) + 3258?
17, 191
Let n = 10 + -8. Suppose -n*l = 2*l - 12. List the prime factors of l.
3
Suppose 6*f = -4*a + 2*f + 464, 4*f + 126 = a. Suppose 0 = 5*i - 6*i + a. What are the prime factors of i?
2, 59
Suppose 6*o - 2*o = 0. List the prime factors of -4 + 309 - (o - 5).
2, 5, 31
Let f(t) = -t**2 + 18*t - 8. Let d be f(16). Suppose 3*s + 30 = 3*i - 0*i, -2*i = 2*s + d. Let m = 71 + s. What are the prime factors of m?
2, 3, 5
Let g = 6 - -5. What are the prime factors of g/(-22)*(1*-2 - 88)?
3, 5
Let j = 106 - 66. List the prime factors of 2 + j/2 + 3.
5
Suppose b + 0*b + 3*p + 6 = 0, -2*b + 23 = -p. List the prime factors of b/(-6) + (-201)/(-6).
2
List the prime factors of (7250/4)/(-5)*(-22 - -20).
5, 29
List the prime factors of 93 - (2/(-4) - 0)*-4.
7, 13
Let j be (2 + -1)/((-5)/(-25)). Suppose -f - 3*z + 55 = -2*z, 2*z = j*f - 240. List the prime factors of f.
2, 5
Let r = -18 + 1342. What are the prime factors of r?
2, 331
Let t(b) = b + 16. Let f be t(-6). Suppose a - 37 = f. Suppose 0 = 3*v - 4*v + a. List the prime factors of v.
47
Let s(t) = -67*t - 11. Let v be s(5). Let d = -208 - v. List the prime factors of d.
2, 3, 23
List the prime factors of ((-438)/(-4))/((-33)/(-286)).
13, 73
Let o = -18 + 23. Suppose o*s - 4*s = 0. Suppose 4*a + a - 325 = s. What are the prime factors of a?
5, 13
Suppose 2*u - 4036 = -u + 4*t, 3*t = -2*u + 2719. List the prime factors of u.
2, 13
Let t = -20 + 17. Let f be (t/12)/(4/(-32)). Suppose w = f*z - 2*w - 122, -z + 5*w + 75 = 0. List the prime factors of z.
5, 11
Let t(f) = -f**2 - 2*f - 1. Let l(s) = -s**3 - 8*s**2 - 6*s + 1. Let z(k) = l(k) - 4*t(k). Suppose 3*a + 9 + 6 = 0. List the prime factors of z(a).
2, 5
What are the prime factors of (447*10)/6 - (1 - -1)?
743
Suppose 7*w - 3*w - 12 = 0, -4*q = 4*w + 408. Let r = 168 + q. Suppose -10 = -5*v, 0 = 4*u - u + 3*v - r. What are the prime factors of u?
19
Let p(f) = -3*f**3 + 2*f**2 - 1. Let h be p(1). Let k(o) = -o + 1. Let w be k(h). Suppose w*y + 7 = 46. What are the prime factors of y?
13
Let i be (0 - 3 - -2) + -1. Let b be (-3 - -3)/(-3 - i). Suppose 2*f - 53 + 13 = b. List the prime factors of f.
2, 5
Let y be 26 - (-1)/(-1) - 0. Suppose 2*n = 73 - y. Let t = n - 7. What are the prime factors of t?
17
Let f(k) = -60*k + 51. List the prime factors of f(-1).
3, 37
Let s(y) = -37*y - 137. What are the prime factors of s(-5)?
2, 3
Let d be (14/(-24) - (-4)/16)*-885. Let o = -174 + d. List the prime factors of o.
11
Let u = -2092 + 3001. What are the prime factors of u?
3, 101
Let d(y) = y - 6. Let p be d(6). Suppose -4*l + 5*x = -72, 59 = 3*l - 4*x - x. Let u = p + l. What are the prime factors of u?
13
Suppose 15*q - 214 - 1541 = 0. Let l = q - 99. List the prime factors of l.
2, 3
List the prime factors of ((-10)/(-4) + -3)/((-1)/3142).
1571
Let a be (0 - 1)*(-18 + -483). Suppose -5*k + a = -s + 4*s, -s = 2*k - 201. What are the prime factors of k?
2, 3, 17
Suppose 0 = 20*i - 5 - 35. List the prime factors of i.
2
Suppose -7404 = -2*x - 2*q, -3*q + 5313 + 13199 = 5*x. List the prime factors of x.
7, 23
Let t = 57 - -13. Suppose 3*w - 5*c - t = 0, 4*c - c + 30 = w. What are the prime factors of w?
3, 5
Let g be (6/(-4))/(3/(-40)). Suppose 1 + 3 = 2*t + v, 0 = 3*t + 5*v - g. Suppose t = 2*x - 2*l - 10, -2*x + 5*l - l = 0. What are the prime factors of x?
2, 5
Suppose 29946 = 34*u - 11*u. What are the prime factors of u?
2, 3, 7, 31
Suppose 0 = -b + 2*o + 2*o + 10, -b = 3*o + 11. Let s = b - -6. Suppose -5*p = -2*k + 58, 3*k - s*p - 129 + 28 = 0. What are the prime factors of k?
3, 13
Let o(c) = 3*c - 38. Let v be o(14). Suppose 5*d = 2*k - 135, v*k + d - 259 = -0*d. List the prime factors of k.
5, 13
Let n = -79 - -82. Suppose n*a + 49 = 2*l - 0*a, 4*a + 96 = 4*l. What are the prime factors of l?
23
Let g = 90 + -87. Suppose 0 = 5*r + 4*o - 35, 0 = 4*r - 0*o - 3*o + 3. Suppose g*y - 2*s - 44 = 0, 2*s - s = r*y - 46. List the prime factors of y.
2
Suppose 2*d = -20 - 4. What are the prime factors of (-1)/(-3) - 188/d?
2
Let t(a) = -a**3 + 4*a**2 - 2*a + 8. Let d be t(6). Let v be d/8*(-8)/1. Let o = -43 + v. List the prime factors of o.
3, 11
Suppose -28*x = -10*x - 74520. What are the prime factors of x?
2, 3, 5, 23
Suppose 2*l - 722 = -2*m + 1704, 0 = -3*l - m + 3647. What are the prime factors of l?
1217
Let z(w) = 3 - 3*w + w**2 + 1 - 12. List the prime factors of z(-10).
2, 61
Let i(x) = 468*x**2 + 5*x + 9. What are the prime factors of i(-2)?
1871
Suppose -3*n = -2*r - 135, -2*n - 185 = -6*n + r. Suppose n + 97 = 4*a. What are the prime factors of a?
2, 3
List the prime factors of (5 - -461) + (-5)/(-1).
3, 157
Let x(u) = -4*u**3 - u**2 + 4*u + 3. Let b be 1 + (6 - 0)/2. Suppose b = y - 3*y. What are the prime factors of x(y)?
23
Let m(j) = 58*j - 12. Let z = -42 + 44. List the prime factors of m(z).
2, 13
Suppose -3*o - 10 = -j + 5, 4*o = -3*j - 7. Suppose -j*b + 18 = -5*k, -3*k + 9 = -0*k. Suppose -2*t + 9 = g, -5*t - b = -5*g + 34. List the prime factors of g.
3
Suppose -2*r - 199 = -67. List the prime factors of 4930/110 - 3*4/r.
3, 5
Suppose 0 = -2*v - g + 3132, -14*g = 2*v - 9*g - 3124. What are the prime factors of v?
1567
Let o(q) = -2*q**3 - 6*q**2 - 7*q. Let l be o(-3). Let d be (l/7)/((-3)/(-65)). Suppose 5*z = -i + d, 0 = i - 2*z - 56 + 19. List the prime factors of i.
3, 5
Let m = -967 - -3472. What are the prime factors of m?
3, 5, 167
Let d(y) = 1937*y - 178. What a